{"id":895,"date":"2015-02-27T13:30:58","date_gmt":"2015-02-27T11:30:58","guid":{"rendered":"http:\/\/www.rsc.org.tr\/indextr\/?page_id=895"},"modified":"2015-02-27T14:11:02","modified_gmt":"2015-02-27T12:11:02","slug":"895-2","status":"publish","type":"page","link":"http:\/\/www.rsc.org.tr\/indextr\/index.php\/895-2\/","title":{"rendered":"OMES M\u00fchendislik Plastik Makina San. ve Tic. LTD. \u015eT\u0130."},"content":{"rendered":"<p><a href=\"http:\/\/www.rsc.org.tr\/indextr\/wp-content\/uploads\/Omes-Logo.jpg\"><img loading=\"lazy\" decoding=\"async\" class=\"aligncenter  wp-image-890\" src=\"http:\/\/www.rsc.org.tr\/indextr\/wp-content\/uploads\/Omes-Logo.jpg\" alt=\"Omes Logo\" width=\"350\" height=\"116\" srcset=\"http:\/\/www.rsc.org.tr\/indextr\/wp-content\/uploads\/Omes-Logo.jpg 620w, http:\/\/www.rsc.org.tr\/indextr\/wp-content\/uploads\/Omes-Logo-300x99.jpg 300w, http:\/\/www.rsc.org.tr\/indextr\/wp-content\/uploads\/Omes-Logo-600x198.jpg 600w\" sizes=\"auto, (max-width: 350px) 100vw, 350px\" \/><\/a><\/p>\n<p>&nbsp;<\/p>\n<p>\u015eirketimiz, uzun y\u0131llard\u0131r makine \u00fcretim sekt\u00f6r\u00fcndeki tecr\u00fcbe ve bilgi birikimini, Rayl\u0131 sistemler konusundaki sekt\u00f6r taleplerini ve \u00fclkemiz demiryollar\u0131n\u0131n geli\u015fimine katk\u0131 sa\u011flamak amac\u0131yla kurulmu\u015ftur.\u00a0OMES, demiryollar\u0131nda her t\u00fcrl\u00fc kaynak i\u015flemleri, tala\u015fl\u0131 imalat, sac kesim ve b\u00fck\u00fcm i\u015flemleri ile proje geli\u015ftirme ve m\u00fchendislik hizmetleri konusunda faaliyet g\u00f6stermektedir.<\/p>\n<p>B\u00fcnyesinde bulunan DIN EN 15085-2 CL1, DIN EN ISO 3834-2, ISO 9001-2008 sertifikalar\u0131 ile komple vagon, vagon komponentleri, lokomotif komponentleri ve \u00e7elik konstruksiyon \u00fcr\u00fcnleri \u00fcretmektedir.<\/p>\n<p>OMES Eski\u015fehir\u00a0 Organize Sanayi B\u00f6lgesinde 4000 m2 kapal\u0131,toplam 10000 m2 alanda \u00fcretimine devam etmektedir.<\/p>\n<p>Daha fazla bilgi i\u00e7in: <a href=\"http:\/\/www.omesmakina.com.tr\">www.omesmakina.com.tr<\/a><\/p>\n","protected":false},"excerpt":{"rendered":"<p>&nbsp; \u015eirketimiz, uzun y\u0131llard\u0131r makine \u00fcretim sekt\u00f6r\u00fcndeki tecr\u00fcbe ve bilgi birikimini, Rayl\u0131 sistemler konusundaki sekt\u00f6r taleplerini ve \u00fclkemiz demiryollar\u0131n\u0131n geli\u015fimine katk\u0131 sa\u011flamak amac\u0131yla kurulmu\u015ftur.\u00a0OMES, demiryollar\u0131nda her t\u00fcrl\u00fc kaynak i\u015flemleri, tala\u015fl\u0131 imalat, sac kesim ve b\u00fck\u00fcm i\u015flemleri ile proje geli\u015ftirme ve m\u00fchendislik hizmetleri konusunda faaliyet g\u00f6stermektedir. B\u00fcnyesinde bulunan DIN EN 15085-2 CL1, DIN EN ISO 3834-2, [&hellip;]<\/p>\n","protected":false},"author":1,"featured_media":0,"parent":0,"menu_order":0,"comment_status":"closed","ping_status":"closed","template":"","meta":{"footnotes":""},"class_list":["post-895","page","type-page","status-publish","hentry"],"_links":{"self":[{"href":"http:\/\/www.rsc.org.tr\/indextr\/index.php\/wp-json\/wp\/v2\/pages\/895","targetHints":{"allow":["GET"]}}],"collection":[{"href":"http:\/\/www.rsc.org.tr\/indextr\/index.php\/wp-json\/wp\/v2\/pages"}],"about":[{"href":"http:\/\/www.rsc.org.tr\/indextr\/index.php\/wp-json\/wp\/v2\/types\/page"}],"author":[{"embeddable":true,"href":"http:\/\/www.rsc.org.tr\/indextr\/index.php\/wp-json\/wp\/v2\/users\/1"}],"replies":[{"embeddable":true,"href":"http:\/\/www.rsc.org.tr\/indextr\/index.php\/wp-json\/wp\/v2\/comments?post=895"}],"version-history":[{"count":7,"href":"http:\/\/www.rsc.org.tr\/indextr\/index.php\/wp-json\/wp\/v2\/pages\/895\/revisions"}],"predecessor-version":[{"id":905,"href":"http:\/\/www.rsc.org.tr\/indextr\/index.php\/wp-json\/wp\/v2\/pages\/895\/revisions\/905"}],"wp:attachment":[{"href":"http:\/\/www.rsc.org.tr\/indextr\/index.php\/wp-json\/wp\/v2\/media?parent=895"}],"curies":[{"name":"wp","href":"https:\/\/api.w.org\/{rel}","templated":true}]}}