{"id":641,"date":"2014-07-02T12:32:13","date_gmt":"2014-07-02T09:32:13","guid":{"rendered":"http:\/\/www.rsc.org.tr\/indextr\/?page_id=641"},"modified":"2014-07-02T16:03:04","modified_gmt":"2014-07-02T13:03:04","slug":"rayli-sistemler-kumelenmesi-ihtiyac-analizi-sonuc-toplantisi","status":"publish","type":"page","link":"http:\/\/www.rsc.org.tr\/indextr\/index.php\/rayli-sistemler-kumelenmesi-ihtiyac-analizi-sonuc-toplantisi\/","title":{"rendered":"RAYLI S\u0130STEMLER K\u00dcMELENMES\u0130 \u0130HT\u0130YA\u00c7 ANAL\u0130Z\u0130 SONU\u00c7 TOPLANTISI"},"content":{"rendered":"<p><span style=\"color:#ffffff;\">&nbsp;<span><\/p>\n<p><a href=\"http:\/\/www.rsc.org.tr\/indextr\/wp-content\/uploads\/T7A7699.jpg\"><img loading=\"lazy\" decoding=\"async\" class=\"aligncenter size-large wp-image-642\" src=\"http:\/\/www.rsc.org.tr\/indextr\/wp-content\/uploads\/T7A7699-1024x682.jpg\" alt=\"_T7A7699\" width=\"640\" height=\"426\" srcset=\"http:\/\/www.rsc.org.tr\/indextr\/wp-content\/uploads\/T7A7699-1024x682.jpg 1024w, http:\/\/www.rsc.org.tr\/indextr\/wp-content\/uploads\/T7A7699-300x200.jpg 300w, http:\/\/www.rsc.org.tr\/indextr\/wp-content\/uploads\/T7A7699-600x400.jpg 600w, http:\/\/www.rsc.org.tr\/indextr\/wp-content\/uploads\/T7A7699-1140x760.jpg 1140w\" sizes=\"auto, (max-width: 640px) 100vw, 640px\" \/><\/a><\/p>\n<p><span style=\"color:#ffffff;\">&nbsp;<span><\/p>\n<p style=\"text-align: justify;\">Eski\u015fehir Rayl\u0131 Sistemler K\u00fcmelenmesi, Ekonomi Bakanl\u0131\u011f\u0131 Uluslararas\u0131 Rekabeti Geli\u015ftirme Deste\u011fi kapsam\u0131nda d\u00e2hil oldu\u011fu projede \u0130htiya\u00e7 Analizi \u00e7al\u0131\u015fmas\u0131n\u0131 tamamlad\u0131. 6 Haziran Cuma g\u00fcn\u00fc Eski\u015fehir Sanayi Odas\u0131\u2019nda toplanan proje payda\u015f\u0131 RSK \u00fcyeleri, T\u00fcrkiye Teknoloji Geli\u015ftirme Vakf\u0131 ile birlikte y\u00fcr\u00fct\u00fclen ihtiya\u00e7 analizi \u00e7al\u0131\u015fmas\u0131n\u0131n sonu\u00e7lar\u0131n\u0131 payla\u015ft\u0131lar. Toplant\u0131da ihtiya\u00e7 analizinin ard\u0131ndan Rayl\u0131 Sistemler K\u00fcmelenmesi\u2019nin stratejik analizine de\u011finildi. Daha \u00f6nce de \u00e7al\u0131\u015f\u0131lm\u0131\u015f bulunulan RKS (Rayl\u0131 Sistemler K\u00fcmelenmesi) Stratejik Analizi, g\u00fcncellenerek pazardaki f\u0131rsatlar konu\u015fuldu. K\u00fcme olarak yap\u0131labilecekler anlat\u0131ld\u0131.<\/p>\n<p style=\"text-align: justify;\">Proje payda\u015f\u0131 \u00fcyeler, toplant\u0131n\u0131n ikinci yar\u0131s\u0131nda grup \u00e7al\u0131\u015fmalar\u0131 i\u00e7in bir araya geldiler. \u00c7al\u0131\u015fmalarda olu\u015fturulan eylem plan\u0131na g\u00f6re, i\u00e7 pazar\u0131n b\u00fcy\u00fcmesi ve Eski\u015fehir\u2019in konumuna dayan\u0131larak RSK\u2019nin (Rayl\u0131 Sistemler K\u00fcmelenmesi) \u00fcretim k\u00fcmesi olarak uluslar aras\u0131 tan\u0131t\u0131m\u0131n\u0131n yap\u0131lmas\u0131 \u00f6ng\u00f6r\u00fcld\u00fc. Ayr\u0131ca URAYS\u0130M\u2019in (Ulusal Rayl\u0131 Sistemler M\u00fckemmeliyet Merkezi) Eski\u015fehir\u2019de kuruluyor olmas\u0131 da RSK\u2019nin g\u00fc\u00e7l\u00fc bir y\u00f6n\u00fc oldu\u011funa de\u011finildi.<\/p>\n","protected":false},"excerpt":{"rendered":"<p>&nbsp; &nbsp; Eski\u015fehir Rayl\u0131 Sistemler K\u00fcmelenmesi, Ekonomi Bakanl\u0131\u011f\u0131 Uluslararas\u0131 Rekabeti Geli\u015ftirme Deste\u011fi kapsam\u0131nda d\u00e2hil oldu\u011fu projede \u0130htiya\u00e7 Analizi \u00e7al\u0131\u015fmas\u0131n\u0131 tamamlad\u0131. 6 Haziran Cuma g\u00fcn\u00fc Eski\u015fehir Sanayi Odas\u0131\u2019nda toplanan proje payda\u015f\u0131 RSK \u00fcyeleri, T\u00fcrkiye Teknoloji Geli\u015ftirme Vakf\u0131 ile birlikte y\u00fcr\u00fct\u00fclen ihtiya\u00e7 analizi \u00e7al\u0131\u015fmas\u0131n\u0131n sonu\u00e7lar\u0131n\u0131 payla\u015ft\u0131lar. Toplant\u0131da ihtiya\u00e7 analizinin ard\u0131ndan Rayl\u0131 Sistemler K\u00fcmelenmesi\u2019nin stratejik analizine de\u011finildi. Daha [&hellip;]<\/p>\n","protected":false},"author":1,"featured_media":0,"parent":0,"menu_order":0,"comment_status":"closed","ping_status":"closed","template":"page-full-width.php","meta":{"footnotes":""},"class_list":["post-641","page","type-page","status-publish","hentry"],"_links":{"self":[{"href":"http:\/\/www.rsc.org.tr\/indextr\/index.php\/wp-json\/wp\/v2\/pages\/641","targetHints":{"allow":["GET"]}}],"collection":[{"href":"http:\/\/www.rsc.org.tr\/indextr\/index.php\/wp-json\/wp\/v2\/pages"}],"about":[{"href":"http:\/\/www.rsc.org.tr\/indextr\/index.php\/wp-json\/wp\/v2\/types\/page"}],"author":[{"embeddable":true,"href":"http:\/\/www.rsc.org.tr\/indextr\/index.php\/wp-json\/wp\/v2\/users\/1"}],"replies":[{"embeddable":true,"href":"http:\/\/www.rsc.org.tr\/indextr\/index.php\/wp-json\/wp\/v2\/comments?post=641"}],"version-history":[{"count":2,"href":"http:\/\/www.rsc.org.tr\/indextr\/index.php\/wp-json\/wp\/v2\/pages\/641\/revisions"}],"predecessor-version":[{"id":692,"href":"http:\/\/www.rsc.org.tr\/indextr\/index.php\/wp-json\/wp\/v2\/pages\/641\/revisions\/692"}],"wp:attachment":[{"href":"http:\/\/www.rsc.org.tr\/indextr\/index.php\/wp-json\/wp\/v2\/media?parent=641"}],"curies":[{"name":"wp","href":"https:\/\/api.w.org\/{rel}","templated":true}]}}