{"id":630,"date":"2014-07-02T12:15:08","date_gmt":"2014-07-02T09:15:08","guid":{"rendered":"http:\/\/www.rsc.org.tr\/indextr\/?page_id=630"},"modified":"2014-09-17T15:16:07","modified_gmt":"2014-09-17T12:16:07","slug":"sirena-marine-denizcilik-san-tic-a-s","status":"publish","type":"page","link":"http:\/\/www.rsc.org.tr\/indextr\/index.php\/sirena-marine-denizcilik-san-tic-a-s\/","title":{"rendered":"S\u0130RENA MAR\u0130NE DEN\u0130ZC\u0130L\u0130K SAN. T\u0130C. A.\u015e."},"content":{"rendered":"<p><a href=\"http:\/\/www.rsc.org.tr\/indextr\/wp-content\/uploads\/sirena-marine-logo.png\"><img loading=\"lazy\" decoding=\"async\" class=\"aligncenter size-full wp-image-620\" src=\"http:\/\/www.rsc.org.tr\/indextr\/wp-content\/uploads\/sirena-marine-logo.png\" alt=\"sirena marine logo\" width=\"300\" height=\"300\" srcset=\"http:\/\/www.rsc.org.tr\/indextr\/wp-content\/uploads\/sirena-marine-logo.png 300w, http:\/\/www.rsc.org.tr\/indextr\/wp-content\/uploads\/sirena-marine-logo-150x150.png 150w\" sizes=\"auto, (max-width: 300px) 100vw, 300px\" \/><\/a><\/p>\n<p><span style=\"color: #ffffff;\">\u00a0<\/span><\/p>\n<p><span style=\"color: #ffffff;\">\u00a0<\/span><\/p>\n<p style=\"text-align: justify;\">Sirena Marine Denizcilik Sanayi ve Ticaret A.\u015e., K\u0131ra\u00e7a Holding&#8217;in 2006 y\u0131l\u0131 Kas\u0131m ay\u0131nda, d\u00fcnyaca \u00fcnl\u00fc motoryat \u00fcreticisi Azimut &#8211; Benetti Grubu ile yapm\u0131\u015f oldu\u011fu anla\u015fma neticesinde kurulmu\u015ftur.<\/p>\n<p>Avrupa&#8217;n\u0131n \u00fc\u00e7\u00fcnc\u00fc b\u00fcy\u00fck tekne imalat\u00e7\u0131s\u0131 ve 24 metre \u00fczeri motoryat \u00fcretiminde d\u00fcnya lideri olan \u0130talyan Azimut &#8211; Benetti Grubu ile K\u0131ra\u00e7a Holding aras\u0131ndaki anla\u015fmaya g\u00f6re motoryat imalat\u0131 ve denizcilikle ilgili faaliyetleri ger\u00e7ekle\u015ftirmek amac\u0131yla kurulan Sirena Marine, ilk a\u015famada Azimut&#8217;un 13,21 metrelik Azimut 42E modelinin \u00fcretimini ger\u00e7ekle\u015ftirmi\u015ftir. Sirena Marine, 2008 \u2013 2011 y\u0131llar\u0131 aras\u0131nda, %60 malzeme yerlilik oran\u0131na sahip 119 adet tekne \u00fcretmi\u015ftir. Bu \u00fcretimini yakla\u015f\u0131k 320 \u00e7al\u0131\u015fan\u0131 ile K\u0131ra\u00e7a Holding&#8217;in Bursa Organize Sanayi B\u00f6lgesi&#8217;nde kurulu tesisi i\u00e7erisinde, test havuzu ve stok yeri de bulunan 5.750 m2&#8217;lik alanda tamamlam\u0131\u015ft\u0131r.<\/p>\n<p><strong>Sirena Marine<\/strong>, denizcilik projelerinin yan\u0131 s\u0131ra rayl\u0131 sistemler otomotiv, savunma sanayi ve i\u015f makinalar\u0131 sekt\u00f6rlerinde kompozit ve paslanmaz par\u00e7a \u00fcretimleri ile sekt\u00f6r yelpazesini geni\u015fletmi\u015ftir. Denizcilik projelerinde edindi\u011fi know-how\u2019\u0131 farkl\u0131 sekt\u00f6rlerde kullanmak amac\u0131yla <strong>Otomotiv ve Rayl\u0131 Sistemler Direkt\u00f6rl\u00fc\u011f\u00fc <\/strong>kurularak bu sekt\u00f6rler i\u00e7in kompozit ve paslanmaz par\u00e7a \u00fcretimine ba\u015flanm\u0131\u015ft\u0131r. Yurti\u00e7i ve yurtd\u0131\u015f\u0131 fuarlara yap\u0131lan kat\u0131l\u0131mlar ile firman\u0131n denizcilik sekt\u00f6r\u00fc d\u0131\u015f\u0131ndaki ger\u00e7ekle\u015ftirdi\u011fi faaliyetlerin bilinirli\u011fi artt\u0131r\u0131lmas\u0131 ama\u00e7lanmaktad\u0131r.<\/p>\n<p><strong>Sirena Marine<\/strong>, <strong>IRIS<\/strong> belgesini de alarak T\u00fcrkiye\u2019de <strong>IRIS<\/strong> belgesine sahip say\u0131l\u0131 \u015firketlerden biri olmu\u015f, rayl\u0131 sistemler sekt\u00f6r\u00fcndeki aktivitelerine h\u0131z katarak sekt\u00f6r\u00fcn lider firmalar\u0131 ile projeler y\u00fcr\u00fctmeye ba\u015flam\u0131\u015ft\u0131r. \u00d6ncelikle <strong>T\u00fclomsa\u015f<\/strong>\u2019da \u00fcretilen <strong>Hyundai Rotem<\/strong> lokomotiflerinin CER motor \u00fcfleyicisi ve makinist kontrol paneli kompozit par\u00e7alar\u0131n\u0131n \u00fcretimi ile rayl\u0131 sistemlerde seri \u00fcretime ba\u015flanm\u0131\u015f ard\u0131ndan yine T\u00fclomsa\u015f\u2019da \u00fcretilen <strong>General Electric<\/strong> lokomotifinin t\u00fcm kompozit par\u00e7alar\u0131n\u0131n (84 referans) \u00fcretimine ge\u00e7ilmi\u015ftir. <strong>Durmaray<\/strong>\u2019\u0131n LRV ve Tram projeleri i\u00e7in boyal\u0131 tutamak par\u00e7a numuneleri \u00fcretimi yap\u0131lm\u0131\u015f, seri \u00fcretim i\u00e7in g\u00f6r\u00fc\u015fmeler s\u00fcrd\u00fcr\u00fclmektedir.<\/p>\n<p><span style=\"color: #ffffff;\">\u00a0<\/span><\/p>\n<p><span style=\"color: #ffffff;\">\u00a0<\/span><\/p>\n<p><strong>Daha fazla bilgi i\u00e7in<a href=\"http:\/\/www.sirenamarine.com.tr\"> www.sirenamarine.com.tr<\/a><\/strong><\/p>\n","protected":false},"excerpt":{"rendered":"<p>\u00a0 \u00a0 Sirena Marine Denizcilik Sanayi ve Ticaret A.\u015e., K\u0131ra\u00e7a Holding&#8217;in 2006 y\u0131l\u0131 Kas\u0131m ay\u0131nda, d\u00fcnyaca \u00fcnl\u00fc motoryat \u00fcreticisi Azimut &#8211; Benetti Grubu ile yapm\u0131\u015f oldu\u011fu anla\u015fma neticesinde kurulmu\u015ftur. Avrupa&#8217;n\u0131n \u00fc\u00e7\u00fcnc\u00fc b\u00fcy\u00fck tekne imalat\u00e7\u0131s\u0131 ve 24 metre \u00fczeri motoryat \u00fcretiminde d\u00fcnya lideri olan \u0130talyan Azimut &#8211; Benetti Grubu ile K\u0131ra\u00e7a Holding aras\u0131ndaki anla\u015fmaya g\u00f6re motoryat [&hellip;]<\/p>\n","protected":false},"author":1,"featured_media":0,"parent":0,"menu_order":0,"comment_status":"closed","ping_status":"closed","template":"page-full-width.php","meta":{"footnotes":""},"class_list":["post-630","page","type-page","status-publish","hentry"],"_links":{"self":[{"href":"http:\/\/www.rsc.org.tr\/indextr\/index.php\/wp-json\/wp\/v2\/pages\/630","targetHints":{"allow":["GET"]}}],"collection":[{"href":"http:\/\/www.rsc.org.tr\/indextr\/index.php\/wp-json\/wp\/v2\/pages"}],"about":[{"href":"http:\/\/www.rsc.org.tr\/indextr\/index.php\/wp-json\/wp\/v2\/types\/page"}],"author":[{"embeddable":true,"href":"http:\/\/www.rsc.org.tr\/indextr\/index.php\/wp-json\/wp\/v2\/users\/1"}],"replies":[{"embeddable":true,"href":"http:\/\/www.rsc.org.tr\/indextr\/index.php\/wp-json\/wp\/v2\/comments?post=630"}],"version-history":[{"count":5,"href":"http:\/\/www.rsc.org.tr\/indextr\/index.php\/wp-json\/wp\/v2\/pages\/630\/revisions"}],"predecessor-version":[{"id":736,"href":"http:\/\/www.rsc.org.tr\/indextr\/index.php\/wp-json\/wp\/v2\/pages\/630\/revisions\/736"}],"wp:attachment":[{"href":"http:\/\/www.rsc.org.tr\/indextr\/index.php\/wp-json\/wp\/v2\/media?parent=630"}],"curies":[{"name":"wp","href":"https:\/\/api.w.org\/{rel}","templated":true}]}}