{"id":1102,"date":"2020-07-29T09:21:19","date_gmt":"2020-07-29T06:21:19","guid":{"rendered":"http:\/\/www.rsc.org.tr\/indextr\/?page_id=1102"},"modified":"2020-07-29T10:23:37","modified_gmt":"2020-07-29T07:23:37","slug":"eskisehir-valisi-sn-erol-ayyildizi-makaminda-ziyaret","status":"publish","type":"page","link":"http:\/\/www.rsc.org.tr\/indextr\/index.php\/eskisehir-valisi-sn-erol-ayyildizi-makaminda-ziyaret\/","title":{"rendered":"ESK\u0130\u015eEH\u0130R VAL\u0130S\u0130 SN. EROL AYYILDIZ&#8217;I MAKAMINDA Z\u0130YARET"},"content":{"rendered":"<p style=\"text-align: justify;\"><img loading=\"lazy\" decoding=\"async\" class=\"aligncenter size-full wp-image-1107\" src=\"http:\/\/www.rsc.org.tr\/indextr\/wp-content\/uploads\/IMG-20200727-WA0006.jpg\" alt=\"IMG-20200727-WA0006\" width=\"1368\" height=\"912\" srcset=\"http:\/\/www.rsc.org.tr\/indextr\/wp-content\/uploads\/IMG-20200727-WA0006.jpg 1368w, http:\/\/www.rsc.org.tr\/indextr\/wp-content\/uploads\/IMG-20200727-WA0006-300x200.jpg 300w, http:\/\/www.rsc.org.tr\/indextr\/wp-content\/uploads\/IMG-20200727-WA0006-1024x682.jpg 1024w, http:\/\/www.rsc.org.tr\/indextr\/wp-content\/uploads\/IMG-20200727-WA0006-600x400.jpg 600w, http:\/\/www.rsc.org.tr\/indextr\/wp-content\/uploads\/IMG-20200727-WA0006-1140x760.jpg 1140w\" sizes=\"auto, (max-width: 1368px) 100vw, 1368px\" \/><\/p>\n<p style=\"text-align: justify;\">\n<p style=\"text-align: justify;\">\n<p style=\"text-align: justify;\">Rayl\u0131 Sistemler K\u00fcmelenmesi Y\u00f6netim Kurulu \u00dcyelerimizin 27 Temmuz 2020 Pazartesi g\u00fcn\u00fc Eski\u015fehir Valisi Sn. Erol Ayy\u0131ld\u0131z&#8217;\u0131 makam\u0131nda ziyaretleri s\u0131ras\u0131nda Rayl\u0131 Sistemler ve Demiryollar\u0131n\u0131n Eski\u015fehir i\u00e7in \u00f6nemi de\u011ferlendirilerek, kar\u015f\u0131l\u0131kl\u0131 g\u00f6r\u00fc\u015fmeler yap\u0131lm\u0131\u015ft\u0131r.<\/p>\n","protected":false},"excerpt":{"rendered":"<p>Rayl\u0131 Sistemler K\u00fcmelenmesi Y\u00f6netim Kurulu \u00dcyelerimizin 27 Temmuz 2020 Pazartesi g\u00fcn\u00fc Eski\u015fehir Valisi Sn. Erol Ayy\u0131ld\u0131z&#8217;\u0131 makam\u0131nda ziyaretleri s\u0131ras\u0131nda Rayl\u0131 Sistemler ve Demiryollar\u0131n\u0131n Eski\u015fehir i\u00e7in \u00f6nemi de\u011ferlendirilerek, kar\u015f\u0131l\u0131kl\u0131 g\u00f6r\u00fc\u015fmeler yap\u0131lm\u0131\u015ft\u0131r.<\/p>\n","protected":false},"author":1,"featured_media":0,"parent":0,"menu_order":0,"comment_status":"closed","ping_status":"closed","template":"page-full-width.php","meta":{"footnotes":""},"class_list":["post-1102","page","type-page","status-publish","hentry"],"_links":{"self":[{"href":"http:\/\/www.rsc.org.tr\/indextr\/index.php\/wp-json\/wp\/v2\/pages\/1102","targetHints":{"allow":["GET"]}}],"collection":[{"href":"http:\/\/www.rsc.org.tr\/indextr\/index.php\/wp-json\/wp\/v2\/pages"}],"about":[{"href":"http:\/\/www.rsc.org.tr\/indextr\/index.php\/wp-json\/wp\/v2\/types\/page"}],"author":[{"embeddable":true,"href":"http:\/\/www.rsc.org.tr\/indextr\/index.php\/wp-json\/wp\/v2\/users\/1"}],"replies":[{"embeddable":true,"href":"http:\/\/www.rsc.org.tr\/indextr\/index.php\/wp-json\/wp\/v2\/comments?post=1102"}],"version-history":[{"count":2,"href":"http:\/\/www.rsc.org.tr\/indextr\/index.php\/wp-json\/wp\/v2\/pages\/1102\/revisions"}],"predecessor-version":[{"id":1108,"href":"http:\/\/www.rsc.org.tr\/indextr\/index.php\/wp-json\/wp\/v2\/pages\/1102\/revisions\/1108"}],"wp:attachment":[{"href":"http:\/\/www.rsc.org.tr\/indextr\/index.php\/wp-json\/wp\/v2\/media?parent=1102"}],"curies":[{"name":"wp","href":"https:\/\/api.w.org\/{rel}","templated":true}]}}

ESKİŞEHİR VALİSİ SN. EROL AYYILDIZ&#8217;I MAKAMINDA ZİYARET

<p style="text-align: justify;"><img loading="lazy" decoding="async" class="aligncenter size-full wp-image-1107" src="http://www.rsc.org.tr/indextr/wp-content/uploads/IMG-20200727-WA0006.jpg" alt="IMG-20200727-WA0006" width="1368" height="912" srcset="http://www.rsc.org.tr/indextr/wp-content/uploads/IMG-20200727-WA0006.jpg 1368w, http://www.rsc.org.tr/indextr/wp-content/uploads/IMG-20200727-WA0006-300x200.jpg 300w, http://www.rsc.org.tr/indextr/wp-content/uploads/IMG-20200727-WA0006-1024x682.jpg 1024w, http://www.rsc.org.tr/indextr/wp-content/uploads/IMG-20200727-WA0006-600x400.jpg 600w, http://www.rsc.org.tr/indextr/wp-content/uploads/IMG-20200727-WA0006-1140x760.jpg 1140w" sizes="auto, (max-width: 1368px) 100vw, 1368px" /></p>
<p style="text-align: justify;">
<p style="text-align: justify;">
<p style="text-align: justify;">Raylı Sistemler Kümelenmesi Yönetim Kurulu Üyelerimizin 27 Temmuz 2020 Pazartesi günü Eskişehir Valisi Sn. Erol Ayyıldız&#8217;ı makamında ziyaretleri sırasında Raylı Sistemler ve Demiryollarının Eskişehir için önemi değerlendirilerek, karşılıklı görüşmeler yapılmıştır.</p>

<p>Raylı Sistemler Kümelenmesi Yönetim Kurulu Üyelerimizin 27 Temmuz 2020 Pazartesi günü Eskişehir Valisi Sn. Erol Ayyıldız&#8217;ı makamında ziyaretleri sırasında Raylı Sistemler ve Demiryollarının Eskişehir için önemi değerlendirilerek, karşılıklı görüşmeler yapılmıştır.</p>
